{"id":256,"date":"2023-03-10T19:41:58","date_gmt":"2023-03-10T18:41:58","guid":{"rendered":"https:\/\/die-partei-by.de\/?page_id=256"},"modified":"2025-03-25T20:55:47","modified_gmt":"2025-03-25T19:55:47","slug":"kontakt","status":"publish","type":"page","link":"https:\/\/die-partei-by.de\/index.php\/die-partei-bayern-home\/koepfe\/kontakt\/","title":{"rendered":"Kontakt"},"content":{"rendered":"<p>[et_pb_section fb_built=&#8220;1&#8243; fullwidth=&#8220;on&#8220; _builder_version=&#8220;4.20.2&#8243; _module_preset=&#8220;default&#8220; da_disable_devices=&#8220;off|off|off&#8220; collapsed=&#8220;off&#8220; global_colors_info=&#8220;{}&#8220; da_is_popup=&#8220;off&#8220; da_exit_intent=&#8220;off&#8220; da_has_close=&#8220;on&#8220; da_alt_close=&#8220;off&#8220; da_dark_close=&#8220;off&#8220; da_not_modal=&#8220;on&#8220; da_is_singular=&#8220;off&#8220; da_with_loader=&#8220;off&#8220; da_has_shadow=&#8220;on&#8220;][et_pb_fullwidth_header title=&#8220;@ET-DC@eyJkeW5hbWljIjp0cnVlLCJjb250ZW50IjoicG9zdF90aXRsZSIsInNldHRpbmdzIjp7ImJlZm9yZSI6IiIsImFmdGVyIjoiIn19@&#8220; _builder_version=&#8220;4.20.2&#8243; _dynamic_attributes=&#8220;title&#8220; _module_preset=&#8220;default&#8220; title_font=&#8220;Oswald|700||on|||||&#8220; title_font_size=&#8220;5em&#8220; custom_margin=&#8220;0px||0px||true|false&#8220; custom_padding=&#8220;0px||0px||true|false&#8220; global_colors_info=&#8220;{}&#8220;][\/et_pb_fullwidth_header][\/et_pb_section][et_pb_section fb_built=&#8220;1&#8243; admin_label=&#8220;Blog&#8220; _builder_version=&#8220;4.16&#8243; background_color=&#8220;RGBA(0,0,0,0)&#8220; da_disable_devices=&#8220;off|off|off&#8220; locked=&#8220;off&#8220; collapsed=&#8220;off&#8220; global_colors_info=&#8220;{}&#8220; da_is_popup=&#8220;off&#8220; da_exit_intent=&#8220;off&#8220; da_has_close=&#8220;on&#8220; da_alt_close=&#8220;off&#8220; da_dark_close=&#8220;off&#8220; da_not_modal=&#8220;on&#8220; da_is_singular=&#8220;off&#8220; da_with_loader=&#8220;off&#8220; da_has_shadow=&#8220;on&#8220;][et_pb_row _builder_version=&#8220;4.20.2&#8243; _module_preset=&#8220;default&#8220; global_colors_info=&#8220;{}&#8220;][et_pb_column type=&#8220;4_4&#8243; _builder_version=&#8220;4.20.2&#8243; _module_preset=&#8220;default&#8220; global_colors_info=&#8220;{}&#8220;][et_pb_text module_class=&#8220;plakatrand&#8220; _builder_version=&#8220;4.22.2&#8243; _module_preset=&#8220;default&#8220; text_font_size=&#8220;26px&#8220; text_line_height=&#8220;1.2em&#8220; custom_margin=&#8220;|-553px||-470px||&#8220; custom_padding=&#8220;20px|0px|20px|0px|true|true&#8220; global_colors_info=&#8220;{}&#8220;]<\/p>\n<p style=\"text-align: center;\"><strong>Du erreichst den besten Landesverband aller Zeiten \u00fcber:<\/strong><\/p>\n<p style=\"text-align: center;\">E-Mail: <a href=\"mailto:vorstand@die-partei-by.de\">vorstand@die-partei-by.de<\/a><\/p>\n<p style=\"text-align: center;\"><span>Die PARTEI Bayern<\/span><br \/><span>c\/o Roland Kronbauer; <\/span><span>Schwaighofstra\u00dfe 31; <\/span><span>86899 Landsberg am Lech<\/span><\/p>\n<p style=\"text-align: center;\"><span><\/span><\/p>\n<p style=\"text-align: center;\">&#8230;oder auch \u00fcber die bekannten Kan\u00e4le wie: Telegram, Facebook, Telefon, Stammtische, etc.<\/p>\n<p style=\"text-align: center;\">P.S.: Brieftauben werden nicht angenommen.<\/p>\n<p>[\/et_pb_text][et_pb_button button_url=&#8220;https:\/\/t.me\/DiePARTEIBayern\/161&#8243; url_new_window=&#8220;on&#8220; button_text=&#8220;&#8230; hier gehts zum DiePARTEIBayern-Telegram Infokanal&#8230;&#8220; button_alignment=&#8220;center&#8220; _builder_version=&#8220;4.22.2&#8243; _module_preset=&#8220;default&#8220; custom_margin=&#8220;|-442px||||&#8220; box_shadow_style=&#8220;preset4&#8243; global_colors_info=&#8220;{}&#8220;][\/et_pb_button][et_pb_button button_url=&#8220;https:\/\/www.facebook.com\/PARTEIBY\/?locale=de_DE&#8220; url_new_window=&#8220;on&#8220; button_text=&#8220;.. hier geht&#8217;s zur DiePARTEI Bayern  auf Facebook..&#8220; button_alignment=&#8220;center&#8220; _builder_version=&#8220;4.22.2&#8243; _module_preset=&#8220;default&#8220; custom_margin=&#8220;|-216px||-149px||&#8220; custom_padding=&#8220;|0px||||&#8220; box_shadow_style=&#8220;preset4&#8243; global_colors_info=&#8220;{}&#8220;][\/et_pb_button][et_pb_text module_class=&#8220;plakatrand&#8220; _builder_version=&#8220;4.22.2&#8243; _module_preset=&#8220;default&#8220; text_font_size=&#8220;26px&#8220; text_line_height=&#8220;1.8em&#8220; custom_margin=&#8220;|-553px||-470px||&#8220; custom_padding=&#8220;20px|0px|20px|0px|true|true&#8220; global_colors_info=&#8220;{}&#8220;]<\/p>\n<p style=\"text-align: center;\"><b>Und falls du was spenden m\u00f6chtest&#8230;<\/b><\/p>\n<p style=\"text-align: center;\">Kontoverbindung LV:<br \/>Kontoinhaber: Die PARTEI LV Bayern<br \/>IBAN: DE71 7015 0000 1000 4575 70<br \/>SWIFT-BIC: SSKMDEMMXXX<br \/>Stadtsparkasse M\u00fcnchen<\/p>\n<p>[\/et_pb_text][et_pb_button _builder_version=&#8220;4.27.4&#8243; _module_preset=&#8220;default&#8220; button_url=&#8220;https:\/\/die-partei-by.de\/wp-content\/uploads\/2025\/03\/schiedsgerichtgsordnung_2016_final.pdf&#8220; url_new_window=&#8220;on&#8220; button_text=&#8220;&#8230; und hier geht&#8217;s zu unserer Schiedsgerichtsordnung&#8230;&#8220; hover_enabled=&#8220;0&#8243; sticky_enabled=&#8220;0&#8243; button_alignment=&#8220;center&#8220;][\/et_pb_button][\/et_pb_column][\/et_pb_row][\/et_pb_section][et_pb_section fb_built=&#8220;1&#8243; admin_label=&#8220;Footer&#8220; _builder_version=&#8220;4.20.2&#8243; background_color=&#8220;rgba(132,132,132,0.66)&#8220; background_enable_image=&#8220;off&#8220; background_blend=&#8220;multiply&#8220; max_width=&#8220;90%&#8220; module_alignment=&#8220;center&#8220; custom_margin=&#8220;||5%&#8220; custom_padding=&#8220;100px|0px|100px|0px|true|false&#8220; animation_style=&#8220;slide&#8220; animation_direction=&#8220;bottom&#8220; animation_intensity_slide=&#8220;2%&#8220; scroll_horizontal_motion=&#8220;0|50|50|100|4|0|-10&#8243; da_disable_devices=&#8220;off|off|off&#8220; box_shadow_style=&#8220;preset1&#8243; box_shadow_vertical=&#8220;-10px&#8220; box_shadow_blur=&#8220;60px&#8220; collapsed=&#8220;on&#8220; global_colors_info=&#8220;{}&#8220; da_is_popup=&#8220;off&#8220; da_exit_intent=&#8220;off&#8220; da_has_close=&#8220;on&#8220; da_alt_close=&#8220;off&#8220; da_dark_close=&#8220;off&#8220; da_not_modal=&#8220;on&#8220; da_is_singular=&#8220;off&#8220; da_with_loader=&#8220;off&#8220; da_has_shadow=&#8220;on&#8220;][et_pb_row column_structure=&#8220;1_4,1_4,1_4,1_4&#8243; disabled_on=&#8220;on|on|on&#8220; _builder_version=&#8220;4.16&#8243; custom_padding=&#8220;27px|0px|25px|0px|false|false&#8220; disabled=&#8220;on&#8220; global_colors_info=&#8220;{}&#8220;][et_pb_column type=&#8220;1_4&#8243; _builder_version=&#8220;4.16&#8243; custom_padding=&#8220;|||&#8220; global_colors_info=&#8220;{}&#8220; custom_padding__hover=&#8220;|||&#8220;][et_pb_text _builder_version=&#8220;4.16&#8243; text_font=&#8220;||||||||&#8220; link_font=&#8220;||||||||&#8220; link_text_color=&#8220;#a0beef&#8220; link_font_size=&#8220;16px&#8220; link_line_height=&#8220;2em&#8220; header_font=&#8220;||||||||&#8220; header_4_font=&#8220;|700|||||||&#8220; header_4_line_height=&#8220;1.5em&#8220; background_layout=&#8220;dark&#8220; global_colors_info=&#8220;{}&#8220; link_text_color__hover=&#8220;#ffffff&#8220;]<\/p>\n<h4>About Us<\/h4>\n<p><a href=\"#\">About<\/a><br \/> <a href=\"#\">Students<\/a><br \/> <a href=\"#\">Young Adults<\/a><br \/> <a href=\"#\">Adults<\/a><br \/> <a href=\"#\">Our Mission<\/a><\/p>\n<p>[\/et_pb_text][\/et_pb_column][et_pb_column type=&#8220;1_4&#8243; _builder_version=&#8220;4.16&#8243; custom_padding=&#8220;|||&#8220; global_colors_info=&#8220;{}&#8220; custom_padding__hover=&#8220;|||&#8220;][et_pb_text _builder_version=&#8220;4.16&#8243; text_font=&#8220;||||||||&#8220; link_font=&#8220;||||||||&#8220; link_text_color=&#8220;#a0beef&#8220; link_font_size=&#8220;16px&#8220; link_line_height=&#8220;2em&#8220; header_font=&#8220;||||||||&#8220; header_4_font=&#8220;|700|||||||&#8220; header_4_line_height=&#8220;1.5em&#8220; background_layout=&#8220;dark&#8220; locked=&#8220;off&#8220; global_colors_info=&#8220;{}&#8220; link_text_color__hover=&#8220;#ffffff&#8220;]<\/p>\n<h4>Next Steps<\/h4>\n<p><a href=\"#\">Groups<\/a><br \/> <a href=\"#\">Serving<\/a><br \/> <a href=\"#\">Baptism<\/a><br \/> <a href=\"#\">Pray<\/a><br \/><a href=\"#\">Missions<\/a><br \/> <a href=\"#\">Salvation<\/a><br \/> <a href=\"#\">Care<\/a><\/p>\n<p>[\/et_pb_text][\/et_pb_column][et_pb_column type=&#8220;1_4&#8243; _builder_version=&#8220;4.16&#8243; custom_padding=&#8220;|||&#8220; global_colors_info=&#8220;{}&#8220; custom_padding__hover=&#8220;|||&#8220;][et_pb_text _builder_version=&#8220;4.16&#8243; text_font=&#8220;||||||||&#8220; link_font=&#8220;||||||||&#8220; link_text_color=&#8220;#a0beef&#8220; link_font_size=&#8220;16px&#8220; link_line_height=&#8220;2em&#8220; header_font=&#8220;||||||||&#8220; header_4_font=&#8220;|700|||||||&#8220; header_4_line_height=&#8220;1.5em&#8220; background_layout=&#8220;dark&#8220; locked=&#8220;off&#8220; global_colors_info=&#8220;{}&#8220; link_text_color__hover=&#8220;#ffffff&#8220;]<\/p>\n<h4>Resources<\/h4>\n<p><a href=\"#\">Watch<\/a><br \/>\n<a href=\"#\">Ready<\/a><br \/>\n<a href=\"#\">Sermons<\/a><br \/>\n<a href=\"#\">Blog<\/a><br \/>\n<a href=\"#\">Music<\/a><br \/>\n[\/et_pb_text][\/et_pb_column][et_pb_column type=&#8220;1_4&#8243; _builder_version=&#8220;4.16&#8243; custom_padding=&#8220;|||&#8220; global_colors_info=&#8220;{}&#8220; custom_padding__hover=&#8220;|||&#8220;][et_pb_text _builder_version=&#8220;4.16&#8243; text_font=&#8220;||||||||&#8220; link_font=&#8220;||||||||&#8220; link_text_color=&#8220;#a0beef&#8220; link_font_size=&#8220;16px&#8220; link_line_height=&#8220;2em&#8220; header_font=&#8220;||||||||&#8220; header_4_font=&#8220;|700|||||||&#8220; header_4_line_height=&#8220;1.5em&#8220; background_layout=&#8220;dark&#8220; locked=&#8220;off&#8220; global_colors_info=&#8220;{}&#8220; link_text_color__hover=&#8220;#ffffff&#8220;]<\/p>\n<h4>Get Involved<\/h4>\n<p><a href=\"#\">Give<\/a><br \/> <a href=\"#\">Volunteer<\/a><br \/><a href=\"#\">Visit<\/a><br \/> <a href=\"#\">Contact Us<\/a><\/p>\n<p>[\/et_pb_text][\/et_pb_column][\/et_pb_row][et_pb_row _builder_version=&#8220;4.16&#8243; global_colors_info=&#8220;{}&#8220;][et_pb_column type=&#8220;4_4&#8243; _builder_version=&#8220;4.16&#8243; custom_padding=&#8220;|||&#8220; global_colors_info=&#8220;{}&#8220; custom_padding__hover=&#8220;|||&#8220;][et_pb_signup mailchimp_list=&#8220;elegantthemestest|26e9af0331&#8243; layout=&#8220;top_bottom&#8220; name_field=&#8220;on&#8220; title=&#8220;Catch me if you can.&#8220; description=&#8220;<\/p>\n<p>Wie der Franzose sagt, wenn er Portugisisch spricht.<\/p>\n<p>&#8220; _builder_version=&#8220;4.16&#8243; form_field_background_color=&#8220;rgba(0,0,0,0)&#8220; form_field_text_color=&#8220;#ffffff&#8220; header_font=&#8220;Oswald|700|||||||&#8220; header_font_size=&#8220;60px&#8220; header_line_height=&#8220;1.3em&#8220; body_font=&#8220;||||||||&#8220; form_field_font=&#8220;||||||||&#8220; use_background_color=&#8220;off&#8220; custom_button=&#8220;on&#8220; button_text_size=&#8220;2em&#8220; button_text_color=&#8220;#FFFFFF&#8220; button_bg_color=&#8220;#B91023&#8243; button_border_width=&#8220;2px&#8220; button_border_color=&#8220;#000000&#8243; button_border_radius=&#8220;0px&#8220; button_letter_spacing=&#8220;3px&#8220; button_font=&#8220;Oswald|700||on|||||&#8220; button_use_icon=&#8220;off&#8220; text_orientation=&#8220;center&#8220; max_width=&#8220;600px&#8220; module_alignment=&#8220;center&#8220; header_font_size_tablet=&#8220;40px&#8220; header_font_size_phone=&#8220;30px&#8220; header_font_size_last_edited=&#8220;on|tablet&#8220; border_radii_fields=&#8220;on|0px|0px|0px|0px&#8220; border_width_all_fields=&#8220;2px&#8220; border_color_all_fields=&#8220;rgba(255,255,255,0.15)&#8220; box_shadow_style_button=&#8220;preset5&#8243; box_shadow_vertical_button=&#8220;0px&#8220; box_shadow_color_button=&#8220;#FFFFFF&#8220; global_colors_info=&#8220;{}&#8220; header_font_size__hover=&#8220;26px&#8220; header_font_size__hover_enabled=&#8220;26px&#8220; header_letter_spacing__hover=&#8220;0px&#8220; header_letter_spacing__hover_enabled=&#8220;0px&#8220; header_line_height__hover=&#8220;1em&#8220; header_line_height__hover_enabled=&#8220;1em&#8220; header_text_shadow_style__hover=&#8220;none&#8220; header_text_shadow_style__hover_enabled=&#8220;none&#8220; header_text_shadow_color__hover=&#8220;rgba(0,0,0,0.4)&#8220; header_text_shadow_color__hover_enabled=&#8220;rgba(0,0,0,0.4)&#8220;][\/et_pb_signup][et_pb_social_media_follow icon_color=&#8220;#FFFFFF&#8220; use_icon_font_size=&#8220;on&#8220; _builder_version=&#8220;4.16&#8243; background_enable_color=&#8220;off&#8220; custom_button=&#8220;on&#8220; button_text_color=&#8220;#FFFFFF&#8220; button_bg_color=&#8220;#B91023&#8243; text_orientation=&#8220;center&#8220; text_orientation_tablet=&#8220;&#8220; text_orientation_phone=&#8220;left&#8220; text_orientation_last_edited=&#8220;on|phone&#8220; border_radii=&#8220;on|0px|0px|0px|0px&#8220; border_width_all=&#8220;2px&#8220; border_color_all=&#8220;#000000&#8243; box_shadow_style=&#8220;preset5&#8243; box_shadow_vertical=&#8220;0px&#8220; box_shadow_spread=&#8220;6px&#8220; box_shadow_color=&#8220;#FFFFFF&#8220; global_colors_info=&#8220;{}&#8220;][et_pb_social_media_follow_network social_network=&#8220;facebook&#8220; _builder_version=&#8220;4.16&#8243; background_color=&#8220;#B91023&#8243; background_enable_color=&#8220;on&#8220; custom_margin=&#8220;|6px||6px||true&#8220; custom_padding=&#8220;10px|10px|10px|10px|true|true&#8220; global_colors_info=&#8220;{}&#8220; follow_button=&#8220;off&#8220; url_new_window=&#8220;on&#8220;]facebook[\/et_pb_social_media_follow_network][et_pb_social_media_follow_network social_network=&#8220;twitter&#8220; _builder_version=&#8220;4.16&#8243; background_color=&#8220;#B91023&#8243; background_enable_color=&#8220;on&#8220; custom_margin=&#8220;|6px||6px||true&#8220; custom_padding=&#8220;10px|10px|10px|10px|true|true&#8220; global_colors_info=&#8220;{}&#8220; follow_button=&#8220;off&#8220; url_new_window=&#8220;on&#8220;]twitter[\/et_pb_social_media_follow_network][et_pb_social_media_follow_network social_network=&#8220;instagram&#8220; _builder_version=&#8220;4.16&#8243; background_color=&#8220;#B91023&#8243; background_enable_color=&#8220;on&#8220; custom_margin=&#8220;|6px||6px||true&#8220; custom_padding=&#8220;10px|10px|10px|10px|true|true&#8220; global_colors_info=&#8220;{}&#8220; follow_button=&#8220;off&#8220; url_new_window=&#8220;on&#8220;]instagram[\/et_pb_social_media_follow_network][et_pb_social_media_follow_network social_network=&#8220;youtube&#8220; _builder_version=&#8220;4.16&#8243; background_color=&#8220;#B91023&#8243; background_enable_color=&#8220;on&#8220; custom_margin=&#8220;|6px||6px||true&#8220; custom_padding=&#8220;10px|10px|10px|10px|true|true&#8220; global_colors_info=&#8220;{}&#8220; follow_button=&#8220;off&#8220; url_new_window=&#8220;on&#8220;]youtube[\/et_pb_social_media_follow_network][\/et_pb_social_media_follow][\/et_pb_column][\/et_pb_row][\/et_pb_section]<\/p>\n","protected":false},"excerpt":{"rendered":"<p>Du erreichst den besten Landesverband aller Zeiten \u00fcber: E-Mail: vorstand@die-partei-by.de Die PARTEI Bayernc\/o Roland Kronbauer; Schwaighofstra\u00dfe 31; 86899 Landsberg am Lech &#8230;oder auch \u00fcber die bekannten Kan\u00e4le wie: Telegram, Facebook, Telefon, Stammtische, etc. P.S.: Brieftauben werden nicht angenommen.Und falls du was spenden m\u00f6chtest&#8230; Kontoverbindung LV:Kontoinhaber: Die PARTEI LV BayernIBAN: DE71 7015 0000 1000 4575 70SWIFT-BIC: [&hellip;]<\/p>\n","protected":false},"author":1,"featured_media":0,"parent":252,"menu_order":0,"comment_status":"closed","ping_status":"closed","template":"","meta":{"_et_pb_use_builder":"on","_et_pb_old_content":"","_et_gb_content_width":"","inline_featured_image":false,"footnotes":""},"class_list":["post-256","page","type-page","status-publish","hentry"],"_links":{"self":[{"href":"https:\/\/die-partei-by.de\/index.php\/wp-json\/wp\/v2\/pages\/256","targetHints":{"allow":["GET"]}}],"collection":[{"href":"https:\/\/die-partei-by.de\/index.php\/wp-json\/wp\/v2\/pages"}],"about":[{"href":"https:\/\/die-partei-by.de\/index.php\/wp-json\/wp\/v2\/types\/page"}],"author":[{"embeddable":true,"href":"https:\/\/die-partei-by.de\/index.php\/wp-json\/wp\/v2\/users\/1"}],"replies":[{"embeddable":true,"href":"https:\/\/die-partei-by.de\/index.php\/wp-json\/wp\/v2\/comments?post=256"}],"version-history":[{"count":18,"href":"https:\/\/die-partei-by.de\/index.php\/wp-json\/wp\/v2\/pages\/256\/revisions"}],"predecessor-version":[{"id":942,"href":"https:\/\/die-partei-by.de\/index.php\/wp-json\/wp\/v2\/pages\/256\/revisions\/942"}],"up":[{"embeddable":true,"href":"https:\/\/die-partei-by.de\/index.php\/wp-json\/wp\/v2\/pages\/252"}],"wp:attachment":[{"href":"https:\/\/die-partei-by.de\/index.php\/wp-json\/wp\/v2\/media?parent=256"}],"curies":[{"name":"wp","href":"https:\/\/api.w.org\/{rel}","templated":true}]}}